{"id":5340,"date":"2020-10-07T18:12:55","date_gmt":"2020-10-07T18:12:55","guid":{"rendered":"https:\/\/gitmasivo.com\/web\/?page_id=5340"},"modified":"2020-10-07T21:30:01","modified_gmt":"2020-10-07T21:30:01","slug":"noticias","status":"publish","type":"page","link":"https:\/\/gitmasivo.com\/web\/noticias\/","title":{"rendered":"Noticias"},"content":{"rendered":"<p>Boletines de Prensa MIO:<\/p>\n<p>Las noticias relacionadas con la prestaci\u00f3n del servicio son emitidas por el Ente Gestor.<\/p>\n<p>&nbsp;<\/p>\n<p><a href=\"https:\/\/gitmasivo.com\/web\/wp-content\/uploads\/2020\/09\/BOLETIN-69-RUTA-A46-SENA-EL-PONDAJE.pdf\">BOLET\u00cdN 69 RUTA A46 SENA &#8211; EL PONDAJE<\/a><\/p>\n<p><a href=\"https:\/\/gitmasivo.com\/web\/wp-content\/uploads\/2020\/09\/BOLETIN-68-COSTO-DANOS-INFRAESTRUCTURA-1.pdf\">BOLET\u00cdN 68 COSTO DA\u00d1OS INFRAESTRUCTURA<\/a><\/p>\n<p><a href=\"https:\/\/gitmasivo.com\/web\/wp-content\/uploads\/2020\/09\/BOLETIN-67-VANDALISMO-INFRAESTRUCTURA-MIO-1.pdf\">BOLET\u00cdN 67 VANDALISMO INFRAESTRUCTURA MIO<\/a><\/p>\n<p><a href=\"https:\/\/gitmasivo.com\/web\/wp-content\/uploads\/2020\/09\/BOLETIN-66-PUNTOS-DE-RECARGA.pdf\">BOLET\u00cdN 66 PUNTOS DE RECARGA<\/a><\/p>\n<p><a href=\"https:\/\/gitmasivo.com\/web\/wp-content\/uploads\/2020\/09\/BOLETIN-64-REACTIVACION-56-PARADAS.pdf\">BOLET\u00cdN 64 REACTIVACI\u00d3N 56 PARADAS<\/a><\/p>\n<p><a href=\"https:\/\/gitmasivo.com\/web\/wp-content\/uploads\/2020\/09\/BOLETIN-63-REACTIVACION-RUTAS-SEP.pdf\">BOLET\u00cdN 63 REACTIVACI\u00d3N RUTAS SEP<\/a><\/p>\n<p>&nbsp;<\/p>\n","protected":false},"excerpt":{"rendered":"<p>Boletines de Prensa MIO: Las noticias relacionadas con la prestaci\u00f3n del servicio son emitidas por el Ente Gestor. &nbsp; BOLET\u00cdN 69 RUTA A46 SENA &#8211; EL PONDAJE BOLET\u00cdN 68 COSTO DA\u00d1OS INFRAESTRUCTURA BOLET\u00cdN 67 VANDALISMO INFRAESTRUCTURA MIO BOLET\u00cdN 66 PUNTOS DE RECARGA BOLET\u00cdN 64 REACTIVACI\u00d3N 56 PARADAS BOLET\u00cdN 63 REACTIVACI\u00d3N RUTAS SEP &nbsp;<\/p>\n","protected":false},"author":2,"featured_media":0,"parent":0,"menu_order":0,"comment_status":"closed","ping_status":"closed","template":"","meta":{"footnotes":""},"class_list":["post-5340","page","type-page","status-publish"],"_links":{"self":[{"href":"https:\/\/gitmasivo.com\/web\/wp-json\/wp\/v2\/pages\/5340","targetHints":{"allow":["GET"]}}],"collection":[{"href":"https:\/\/gitmasivo.com\/web\/wp-json\/wp\/v2\/pages"}],"about":[{"href":"https:\/\/gitmasivo.com\/web\/wp-json\/wp\/v2\/types\/page"}],"author":[{"embeddable":true,"href":"https:\/\/gitmasivo.com\/web\/wp-json\/wp\/v2\/users\/2"}],"replies":[{"embeddable":true,"href":"https:\/\/gitmasivo.com\/web\/wp-json\/wp\/v2\/comments?post=5340"}],"version-history":[{"count":3,"href":"https:\/\/gitmasivo.com\/web\/wp-json\/wp\/v2\/pages\/5340\/revisions"}],"predecessor-version":[{"id":5343,"href":"https:\/\/gitmasivo.com\/web\/wp-json\/wp\/v2\/pages\/5340\/revisions\/5343"}],"wp:attachment":[{"href":"https:\/\/gitmasivo.com\/web\/wp-json\/wp\/v2\/media?parent=5340"}],"curies":[{"name":"wp","href":"https:\/\/api.w.org\/{rel}","templated":true}]}}