{"id":5326,"date":"2020-10-07T17:11:09","date_gmt":"2020-10-07T17:11:09","guid":{"rendered":"https:\/\/gitmasivo.com\/web\/?page_id=5326"},"modified":"2021-01-02T21:56:37","modified_gmt":"2021-01-02T21:56:37","slug":"localizacion-fisica-horarios-y-dias-de-atencion","status":"publish","type":"page","link":"https:\/\/gitmasivo.com\/web\/localizacion-fisica-horarios-y-dias-de-atencion\/","title":{"rendered":"Localizaci\u00f3n F\u00edsica, Horarios y D\u00edas de Atenci\u00f3n"},"content":{"rendered":"<p><strong>Direcci\u00f3n:<\/strong> Carrera 109 No. 26-19.\u00a0<a title=\"mapa_git\" href=\"https:\/\/gitmasivo.com\/web\/contacto\/\">Ver mapa<\/a><\/p>\n<p><b>Horarios y D\u00edas de Atenci\u00f3n al P\u00fablico: <\/b>Lunes a Viernes 8:00 a.m. \u2013 12:00 m y 2:00 p.m. \u2013 5:00 p.m.<\/p>\n","protected":false},"excerpt":{"rendered":"<p>Direcci\u00f3n: Carrera 109 No. 26-19.\u00a0Ver mapa Horarios y D\u00edas de Atenci\u00f3n al P\u00fablico: Lunes a Viernes 8:00 a.m. \u2013 12:00 m y 2:00 p.m. \u2013 5:00 p.m.<\/p>\n","protected":false},"author":2,"featured_media":0,"parent":0,"menu_order":0,"comment_status":"closed","ping_status":"closed","template":"","meta":{"footnotes":""},"class_list":["post-5326","page","type-page","status-publish"],"_links":{"self":[{"href":"https:\/\/gitmasivo.com\/web\/wp-json\/wp\/v2\/pages\/5326","targetHints":{"allow":["GET"]}}],"collection":[{"href":"https:\/\/gitmasivo.com\/web\/wp-json\/wp\/v2\/pages"}],"about":[{"href":"https:\/\/gitmasivo.com\/web\/wp-json\/wp\/v2\/types\/page"}],"author":[{"embeddable":true,"href":"https:\/\/gitmasivo.com\/web\/wp-json\/wp\/v2\/users\/2"}],"replies":[{"embeddable":true,"href":"https:\/\/gitmasivo.com\/web\/wp-json\/wp\/v2\/comments?post=5326"}],"version-history":[{"count":2,"href":"https:\/\/gitmasivo.com\/web\/wp-json\/wp\/v2\/pages\/5326\/revisions"}],"predecessor-version":[{"id":5574,"href":"https:\/\/gitmasivo.com\/web\/wp-json\/wp\/v2\/pages\/5326\/revisions\/5574"}],"wp:attachment":[{"href":"https:\/\/gitmasivo.com\/web\/wp-json\/wp\/v2\/media?parent=5326"}],"curies":[{"name":"wp","href":"https:\/\/api.w.org\/{rel}","templated":true}]}}