{"id":5318,"date":"2020-10-07T17:00:55","date_gmt":"2020-10-07T17:00:55","guid":{"rendered":"https:\/\/gitmasivo.com\/web\/?page_id=5318"},"modified":"2021-01-02T21:57:55","modified_gmt":"2021-01-02T21:57:55","slug":"mecanismos-para-la-atencion-al-ciudadano","status":"publish","type":"page","link":"https:\/\/gitmasivo.com\/web\/mecanismos-para-la-atencion-al-ciudadano\/","title":{"rendered":"Mecanismos para la Atenci\u00f3n al Ciudadano"},"content":{"rendered":"<p><strong>Direcci\u00f3n:<\/strong> Carrera 109 No. 26-19.\u00a0<a title=\"mapa_git\" href=\"https:\/\/gitmasivo.com\/web\/contacto\/\">Ver mapa<\/a><\/p>\n<p><b>Tel\u00e9fonos<\/b><strong>:<\/strong> (57+2) 5553031 &#8211; (57+2) 5553032 &#8211; (57+2) 5553033 &#8211; (57+2) 5553034<\/p>\n<p><strong>Correo Electr\u00f3nico Institucional:<\/strong>\u00a0<a href=\"mailto:info@gitmasivo.com\">info@gitmasivo.com<\/a><\/p>\n<p><strong>Direcci\u00f3n Correspondencia:<\/strong> Carrera 109 No. 26-19.\u00a0<a title=\"mapa_git\" href=\"https:\/\/gitmasivo.com\/web\/contacto\/\">Ver mapa<\/a><\/p>\n<p><strong>Registro de PQRSFD:<\/strong> El Ente Gestor Metro Cali S.A. ha dispuesto para sus usuarios la l\u00ednea de atenci\u00f3n 6204040 y el correo electr\u00f3nico <a href=\"mailto:servicioalusuario@mio.com.co\">servicioalusuario@mio.com.co<\/a>. Se podr\u00e1 acceder a trav\u00e9s del link <a href=\"https:\/\/www.mio.com.co\/\">www.mio.com.co<\/a><\/p>\n","protected":false},"excerpt":{"rendered":"<p>Direcci\u00f3n: Carrera 109 No. 26-19.\u00a0Ver mapa Tel\u00e9fonos: (57+2) 5553031 &#8211; (57+2) 5553032 &#8211; (57+2) 5553033 &#8211; (57+2) 5553034 Correo Electr\u00f3nico Institucional:\u00a0info@gitmasivo.com Direcci\u00f3n Correspondencia: Carrera 109 No. 26-19.\u00a0Ver mapa Registro de PQRSFD: El Ente Gestor Metro Cali S.A. ha dispuesto para sus usuarios la l\u00ednea de atenci\u00f3n 6204040 y el correo electr\u00f3nico servicioalusuario@mio.com.co. Se podr\u00e1 acceder &#8230; <a title=\"Mecanismos para la Atenci\u00f3n al Ciudadano\" class=\"read-more\" href=\"https:\/\/gitmasivo.com\/web\/mecanismos-para-la-atencion-al-ciudadano\/\" aria-label=\"Leer m\u00e1s sobre Mecanismos para la Atenci\u00f3n al Ciudadano\">Leer m\u00e1s<\/a><\/p>\n","protected":false},"author":2,"featured_media":0,"parent":0,"menu_order":0,"comment_status":"closed","ping_status":"closed","template":"","meta":{"footnotes":""},"class_list":["post-5318","page","type-page","status-publish"],"_links":{"self":[{"href":"https:\/\/gitmasivo.com\/web\/wp-json\/wp\/v2\/pages\/5318","targetHints":{"allow":["GET"]}}],"collection":[{"href":"https:\/\/gitmasivo.com\/web\/wp-json\/wp\/v2\/pages"}],"about":[{"href":"https:\/\/gitmasivo.com\/web\/wp-json\/wp\/v2\/types\/page"}],"author":[{"embeddable":true,"href":"https:\/\/gitmasivo.com\/web\/wp-json\/wp\/v2\/users\/2"}],"replies":[{"embeddable":true,"href":"https:\/\/gitmasivo.com\/web\/wp-json\/wp\/v2\/comments?post=5318"}],"version-history":[{"count":7,"href":"https:\/\/gitmasivo.com\/web\/wp-json\/wp\/v2\/pages\/5318\/revisions"}],"predecessor-version":[{"id":5575,"href":"https:\/\/gitmasivo.com\/web\/wp-json\/wp\/v2\/pages\/5318\/revisions\/5575"}],"wp:attachment":[{"href":"https:\/\/gitmasivo.com\/web\/wp-json\/wp\/v2\/media?parent=5318"}],"curies":[{"name":"wp","href":"https:\/\/api.w.org\/{rel}","templated":true}]}}