{"id":3138,"date":"2013-02-09T16:39:59","date_gmt":"2013-02-09T16:39:59","guid":{"rendered":"http:\/\/216.172.187.9\/~muestras\/wp-mio\/?page_id=3138"},"modified":"2025-07-03T15:11:55","modified_gmt":"2025-07-03T15:11:55","slug":"quienes-somos","status":"publish","type":"page","link":"https:\/\/gitmasivo.com\/web\/quienes-somos\/","title":{"rendered":"Quienes Somos"},"content":{"rendered":"<p style=\"text-align: justify;\">GRUPO INTEGRADO DE TRANSPORTE MASIVO S.A.(GIT MASIVO S.A.) Es una empresa de servicios, dedicada al Transporte Masivo de Pasajeros en el \u00e1mbito urbano de la ciudad de Santiago de Cali, conformada por nueve (9) grupos de empresas de Transporte P\u00fablico Colectivo.<\/p>\n<p style=\"text-align: justify;\">Somos el concesionario que obtuvo el primer lugar en la licitaci\u00f3n p\u00fablica MC-DT-001 de 2006 con una participaci\u00f3n inicial del 25%, posteriormente obtuvimos un aumento del 8% para un total del 33% de participaci\u00f3n en el Sistema MIO mediante la firma de la Adici\u00f3n al Contrato de Concesi\u00f3n No 1 de 2006 el 16 de septiembre de 2011.<\/p>\n<p>&nbsp;<\/p>\n<h3><strong>Misi\u00f3n<\/strong><\/h3>\n<p style=\"text-align: justify;\">Contribuir al progreso y desarrollo de la ciudad de Cali prestando un servicio de transporte masivo de pasajeros efectivo, confiable y seguro y buscando satisfacer las necesidades y expectativas de las partes interesadas.<\/p>\n<p>&nbsp;<\/p>\n<h3><strong>Visi\u00f3n<\/strong><\/h3>\n<p style=\"text-align: justify;\">Ser el mejor operador del Sistema de Transporte Masivo de Cali y para el a\u00f1o 2026 generar una rentabilidad anual del 25% sobre el capital invertido.<\/p>\n<p>&nbsp;<\/p>\n<h3><strong>Valores Corporativos<\/strong><\/h3>\n<ul>\n<li><strong>Integridad<\/strong>: Actuamos con honestidad y transparencia, siempre buscando la coherencia en nuestras acciones y fomentando las buenas relaciones basadas en confianza.<\/li>\n<li><strong>Responsabilidad<\/strong>: Desarrollamos nuestras actividades diarias con compromiso y siempre dando lo mejor de nosotros mismos, buscando la excelencia y el cumplimiento de nuestras metas.<\/li>\n<li><strong>Pasi\u00f3n<\/strong>: Trabajamos con amor, sentido de pertenencia y afrontamos los retos con entusiasmo, contribuyendo al crecimiento y\u00a0 mejoramiento de nuestro servicio.<\/li>\n<li><strong>Liderazgo<\/strong>: Tomamos decisiones para impulsar el progreso y el \u00e9xito de nuestra empresa gestionando los riesgos de tales decisiones.<\/li>\n<\/ul>\n<p>&nbsp;<\/p>\n<h3><strong>Nuestra Pol\u00edtica<\/strong><\/h3>\n<p>Grupo Integrado de Transporte Masivo S.A. &#8211; GIT MASIVO S.A., empresa dedicada al transporte masivo de pasajeros en la ciudad de Cali, se compromete a:<\/p>\n<ol>\n<li>Satisfacer las necesidades de las partes interesadas bajo el principio de mejora continua.<\/li>\n<li>Cumplir la legislaci\u00f3n Colombiana vigente y otros requisitos aplicables a la organizaci\u00f3n en materia de Calidad, Seguridad, Salud en el Trabajo, Medio Ambiente y Seguridad Vial.<\/li>\n<li>Gestionar apropiadamente los riesgos relacionados con la seguridad de la informaci\u00f3n con el fin de mantener la integridad, disponibilidad y confidencialidad.<\/li>\n<li>Promover ambientes y condiciones de trabajo seguros y saludables para la prevenci\u00f3n de lesiones y deterioro de la salud, gestionando los peligros y riesgos a trav\u00e9s de la implementaci\u00f3n de programas en b\u00fasqueda de la protecci\u00f3n de la seguridad y salud de los colaboradores y dem\u00e1s partes interesadas.<\/li>\n<li>Prevenir la aparici\u00f3n de enfermedades y accidentes laborales que pudiesen sufrir los trabajadores interviniendo las condiciones del trabajo.<\/li>\n<li>Prevenir los da\u00f1os a la propiedad de la empresa y del Ente Gestor.<\/li>\n<li>Proteger el medio ambiente, prevenir la contaminaci\u00f3n a trav\u00e9s del uso racional de los recursos efectuando el control y mitigaci\u00f3n de los impactos ambientales asociados a la operaci\u00f3n del patio y taller.<\/li>\n<li>Promover la participaci\u00f3n y la consulta.<\/li>\n<\/ol>\n<p>El Comit\u00e9 Gerencial de GIT MASIVO S.A., respalda y se compromete con la asignaci\u00f3n de recursos para el desarrollo, mantenimiento, la atenci\u00f3n de emergencias y mejora continua de su Sistema de Gesti\u00f3n Integrado (SGI) al cual considera indispensable para lograr el \u00e9xito de la compa\u00f1\u00eda y vincula a todos los colaboradores, contratistas y proveedores en el cumplimiento de esta pol\u00edtica.<\/p>\n<p>&nbsp;<\/p>\n<p>&nbsp;<\/p>\n<table>\n<tbody>\n<tr>\n<td><a href=\"https:\/\/gitmasivo.com\/web\/wp-content\/uploads\/2025\/07\/Certificados-ISO-91445-auditoria-2025_page-0001-scaled.jpg\"><img loading=\"lazy\" decoding=\"async\" class=\"aligncenter size-full wp-image-5773\" src=\"https:\/\/gitmasivo.com\/web\/wp-content\/uploads\/2025\/07\/Certificados-ISO-91445-auditoria-2025_page-0001-scaled.jpg\" alt=\"\" width=\"578\" height=\"751\" \/><\/a><\/td>\n<td><a href=\"https:\/\/gitmasivo.com\/web\/wp-content\/uploads\/2025\/07\/Certificados-ISO-91445-auditoria-2025_page-0002-scaled.jpg\"><img loading=\"lazy\" decoding=\"async\" class=\"aligncenter size-full wp-image-5774\" src=\"https:\/\/gitmasivo.com\/web\/wp-content\/uploads\/2025\/07\/Certificados-ISO-91445-auditoria-2025_page-0002-scaled.jpg\" alt=\"\" width=\"577\" height=\"751\" \/><\/a><\/td>\n<\/tr>\n<tr>\n<td><a href=\"https:\/\/gitmasivo.com\/web\/wp-content\/uploads\/2025\/07\/Certificados-ISO-91445-auditoria-2025_page-0003-scaled.jpg\"><img loading=\"lazy\" decoding=\"async\" class=\"aligncenter size-full wp-image-5773\" src=\"https:\/\/gitmasivo.com\/web\/wp-content\/uploads\/2025\/07\/Certificados-ISO-91445-auditoria-2025_page-0003-scaled.jpg\" alt=\"\" width=\"578\" height=\"751\" \/><\/a><\/td>\n<td><a href=\"https:\/\/gitmasivo.com\/web\/wp-content\/uploads\/2025\/07\/Certificados-ISO-91445-auditoria-2025_page-0004-scaled.jpg\"><img loading=\"lazy\" decoding=\"async\" class=\"aligncenter size-full wp-image-5774\" src=\"https:\/\/gitmasivo.com\/web\/wp-content\/uploads\/2025\/07\/Certificados-ISO-91445-auditoria-2025_page-0004-scaled.jpg\" alt=\"\" width=\"577\" height=\"751\" \/><\/a><\/td>\n<\/tr>\n<tr>\n<td><a href=\"https:\/\/gitmasivo.com\/web\/wp-content\/uploads\/2025\/07\/Certificados-ISO-91445-auditoria-2025_page-0005-scaled.jpg\"><img loading=\"lazy\" decoding=\"async\" class=\"aligncenter size-full wp-image-5773\" src=\"https:\/\/gitmasivo.com\/web\/wp-content\/uploads\/2025\/07\/Certificados-ISO-91445-auditoria-2025_page-0005-scaled.jpg\" alt=\"\" width=\"578\" height=\"751\" \/><\/a><\/td>\n<td><a href=\"https:\/\/gitmasivo.com\/web\/wp-content\/uploads\/2025\/07\/Certificados-ISO-91445-auditoria-2025_page-0006-scaled.jpg\"><img loading=\"lazy\" decoding=\"async\" class=\"aligncenter size-full wp-image-5774\" src=\"https:\/\/gitmasivo.com\/web\/wp-content\/uploads\/2025\/07\/Certificados-ISO-91445-auditoria-2025_page-0006-scaled.jpg\" alt=\"\" width=\"577\" height=\"751\" \/><\/a><\/td>\n<\/tr>\n<\/tbody>\n<\/table>\n","protected":false},"excerpt":{"rendered":"<p>GRUPO INTEGRADO DE TRANSPORTE MASIVO S.A.(GIT MASIVO S.A.) Es una empresa de servicios, dedicada al Transporte Masivo de Pasajeros en el \u00e1mbito urbano de la ciudad de Santiago de Cali, conformada por nueve (9) grupos de empresas de Transporte P\u00fablico Colectivo. Somos el concesionario que obtuvo el primer lugar en la licitaci\u00f3n p\u00fablica MC-DT-001 de &#8230; <a title=\"Quienes Somos\" class=\"read-more\" href=\"https:\/\/gitmasivo.com\/web\/quienes-somos\/\" aria-label=\"Leer m\u00e1s sobre Quienes Somos\">Leer m\u00e1s<\/a><\/p>\n","protected":false},"author":1,"featured_media":0,"parent":0,"menu_order":0,"comment_status":"closed","ping_status":"open","template":"","meta":{"footnotes":""},"class_list":["post-3138","page","type-page","status-publish"],"_links":{"self":[{"href":"https:\/\/gitmasivo.com\/web\/wp-json\/wp\/v2\/pages\/3138","targetHints":{"allow":["GET"]}}],"collection":[{"href":"https:\/\/gitmasivo.com\/web\/wp-json\/wp\/v2\/pages"}],"about":[{"href":"https:\/\/gitmasivo.com\/web\/wp-json\/wp\/v2\/types\/page"}],"author":[{"embeddable":true,"href":"https:\/\/gitmasivo.com\/web\/wp-json\/wp\/v2\/users\/1"}],"replies":[{"embeddable":true,"href":"https:\/\/gitmasivo.com\/web\/wp-json\/wp\/v2\/comments?post=3138"}],"version-history":[{"count":28,"href":"https:\/\/gitmasivo.com\/web\/wp-json\/wp\/v2\/pages\/3138\/revisions"}],"predecessor-version":[{"id":5833,"href":"https:\/\/gitmasivo.com\/web\/wp-json\/wp\/v2\/pages\/3138\/revisions\/5833"}],"wp:attachment":[{"href":"https:\/\/gitmasivo.com\/web\/wp-json\/wp\/v2\/media?parent=3138"}],"curies":[{"name":"wp","href":"https:\/\/api.w.org\/{rel}","templated":true}]}}