{"id":2819,"date":"2013-01-31T03:39:15","date_gmt":"2013-01-31T03:39:15","guid":{"rendered":"http:\/\/216.172.187.9\/~muestras\/wp-mio\/?page_id=2819"},"modified":"2020-10-09T12:53:05","modified_gmt":"2020-10-09T12:53:05","slug":"gestion-humana","status":"publish","type":"page","link":"https:\/\/gitmasivo.com\/web\/gestion-humana\/","title":{"rendered":"Gesti\u00f3n Humana"},"content":{"rendered":"<p>El \u00e1rea de Gesti\u00f3n Humana garantiza la consecuci\u00f3n y permanencia de colaboradores id\u00f3neos, promoviendo el desarrollo integral del talento humano, a trav\u00e9s de programas de capacitaci\u00f3n, valoraci\u00f3n del desempe\u00f1o, bienestar laboral y seguridad social.<\/p>\n\n","protected":false},"excerpt":{"rendered":"<p>El \u00e1rea de Gesti\u00f3n Humana garantiza la consecuci\u00f3n y permanencia de colaboradores id\u00f3neos, promoviendo el desarrollo integral del talento humano, a trav\u00e9s de programas de capacitaci\u00f3n, valoraci\u00f3n del desempe\u00f1o, bienestar laboral y seguridad social.<\/p>\n","protected":false},"author":1,"featured_media":0,"parent":0,"menu_order":0,"comment_status":"closed","ping_status":"closed","template":"","meta":{"footnotes":""},"class_list":["post-2819","page","type-page","status-publish"],"_links":{"self":[{"href":"https:\/\/gitmasivo.com\/web\/wp-json\/wp\/v2\/pages\/2819","targetHints":{"allow":["GET"]}}],"collection":[{"href":"https:\/\/gitmasivo.com\/web\/wp-json\/wp\/v2\/pages"}],"about":[{"href":"https:\/\/gitmasivo.com\/web\/wp-json\/wp\/v2\/types\/page"}],"author":[{"embeddable":true,"href":"https:\/\/gitmasivo.com\/web\/wp-json\/wp\/v2\/users\/1"}],"replies":[{"embeddable":true,"href":"https:\/\/gitmasivo.com\/web\/wp-json\/wp\/v2\/comments?post=2819"}],"version-history":[{"count":8,"href":"https:\/\/gitmasivo.com\/web\/wp-json\/wp\/v2\/pages\/2819\/revisions"}],"predecessor-version":[{"id":5457,"href":"https:\/\/gitmasivo.com\/web\/wp-json\/wp\/v2\/pages\/2819\/revisions\/5457"}],"wp:attachment":[{"href":"https:\/\/gitmasivo.com\/web\/wp-json\/wp\/v2\/media?parent=2819"}],"curies":[{"name":"wp","href":"https:\/\/api.w.org\/{rel}","templated":true}]}}