{"id":2817,"date":"2013-01-31T03:38:56","date_gmt":"2013-01-31T03:38:56","guid":{"rendered":"http:\/\/216.172.187.9\/~muestras\/wp-mio\/?page_id=2817"},"modified":"2020-10-09T12:57:45","modified_gmt":"2020-10-09T12:57:45","slug":"operaciones","status":"publish","type":"page","link":"https:\/\/gitmasivo.com\/web\/operaciones\/","title":{"rendered":"Operaciones"},"content":{"rendered":"<p>El \u00e1rea de Operaciones garantiza la prestaci\u00f3n del servicio de transporte p\u00fablico SITM-MIO dando cumplimiento al Programa de Servicio Operacional \u2013 PSO y a los Indicadores de Calidad de Desempe\u00f1o definidos por el Ente Gestor.<\/p>\n\n<p style=\"text-align: justify;\">\n","protected":false},"excerpt":{"rendered":"<p>El \u00e1rea de Operaciones garantiza la prestaci\u00f3n del servicio de transporte p\u00fablico SITM-MIO dando cumplimiento al Programa de Servicio Operacional \u2013 PSO y a los Indicadores de Calidad de Desempe\u00f1o definidos por el Ente Gestor.<\/p>\n","protected":false},"author":1,"featured_media":0,"parent":0,"menu_order":0,"comment_status":"closed","ping_status":"open","template":"","meta":{"footnotes":""},"class_list":["post-2817","page","type-page","status-publish"],"_links":{"self":[{"href":"https:\/\/gitmasivo.com\/web\/wp-json\/wp\/v2\/pages\/2817","targetHints":{"allow":["GET"]}}],"collection":[{"href":"https:\/\/gitmasivo.com\/web\/wp-json\/wp\/v2\/pages"}],"about":[{"href":"https:\/\/gitmasivo.com\/web\/wp-json\/wp\/v2\/types\/page"}],"author":[{"embeddable":true,"href":"https:\/\/gitmasivo.com\/web\/wp-json\/wp\/v2\/users\/1"}],"replies":[{"embeddable":true,"href":"https:\/\/gitmasivo.com\/web\/wp-json\/wp\/v2\/comments?post=2817"}],"version-history":[{"count":12,"href":"https:\/\/gitmasivo.com\/web\/wp-json\/wp\/v2\/pages\/2817\/revisions"}],"predecessor-version":[{"id":5460,"href":"https:\/\/gitmasivo.com\/web\/wp-json\/wp\/v2\/pages\/2817\/revisions\/5460"}],"wp:attachment":[{"href":"https:\/\/gitmasivo.com\/web\/wp-json\/wp\/v2\/media?parent=2817"}],"curies":[{"name":"wp","href":"https:\/\/api.w.org\/{rel}","templated":true}]}}