{"id":2590,"date":"2013-01-29T20:10:33","date_gmt":"2013-01-29T20:10:33","guid":{"rendered":"http:\/\/216.172.187.9\/~muestras\/wp-mio\/?page_id=2590"},"modified":"2026-04-28T19:02:02","modified_gmt":"2026-04-28T19:02:02","slug":"contacto","status":"publish","type":"page","link":"https:\/\/gitmasivo.com\/web\/contacto\/","title":{"rendered":"Contacto"},"content":{"rendered":"<p>Si desea m\u00e1s informaci\u00f3n sobre la empresa puede contactarnos telef\u00f3nicamente o escribirnos diligenciando el siguiente formulario. La informaci\u00f3n suministrada ser\u00e1 tratada conforme a la Pol\u00edtica de tratamiento de datos personales de GIT Masivo S.A. &#8211; <a href=\"https:\/\/gitmasivo.com\/web\/wp-content\/uploads\/2026\/04\/Politica-de-Tratamiento-de-datos-v2.pdf\">Ver Documento<\/a><\/p>\n<p>&nbsp;<\/p>\n<div class=\"wpforms-container wpforms-container-full\" id=\"wpforms-5375\"><form id=\"wpforms-form-5375\" class=\"wpforms-validate wpforms-form\" data-formid=\"5375\" method=\"post\" enctype=\"multipart\/form-data\" action=\"\/web\/wp-json\/wp\/v2\/pages\/2590\" data-token=\"620ba050301b8d7a6b6bf49f2caf1491\" data-token-time=\"1778245408\"><noscript class=\"wpforms-error-noscript\">Por favor, activa JavaScript en tu navegador para completar este formulario.<\/noscript><div class=\"wpforms-field-container\"><div id=\"wpforms-5375-field_0-container\" class=\"wpforms-field wpforms-field-name\" data-field-id=\"0\"><label class=\"wpforms-field-label\" for=\"wpforms-5375-field_0\">Nombres y Apellidos \/ Raz\u00f3n Social <span class=\"wpforms-required-label\">*<\/span><\/label><input type=\"text\" id=\"wpforms-5375-field_0\" class=\"wpforms-field-medium wpforms-field-required\" name=\"wpforms[fields][0]\" required><\/div><div id=\"wpforms-5375-field_11-container\" class=\"wpforms-field wpforms-field-select wpforms-field-select-style-classic\" data-field-id=\"11\"><label class=\"wpforms-field-label\" for=\"wpforms-5375-field_11\">Tipo de Identificaci\u00f3n <span class=\"wpforms-required-label\">*<\/span><\/label><select id=\"wpforms-5375-field_11\" class=\"wpforms-field-medium wpforms-field-required\" name=\"wpforms[fields][11]\" required=\"required\"><option value=\"C.C.\" >C.C.<\/option><option value=\"C.E.\" >C.E.<\/option><option value=\"NIT\" >NIT<\/option><option value=\"Otro\" >Otro<\/option><\/select><\/div><div id=\"wpforms-5375-field_12-container\" class=\"wpforms-field wpforms-field-number\" data-field-id=\"12\"><label class=\"wpforms-field-label\" for=\"wpforms-5375-field_12\">N\u00famero de Identificaci\u00f3n <span class=\"wpforms-required-label\">*<\/span><\/label><input type=\"number\" id=\"wpforms-5375-field_12\" class=\"wpforms-field-medium wpforms-field-required\" name=\"wpforms[fields][12]\" step=\"any\" required><\/div><div id=\"wpforms-5375-field_1-container\" class=\"wpforms-field wpforms-field-email\" data-field-id=\"1\"><label class=\"wpforms-field-label\" for=\"wpforms-5375-field_1\">Correo Electr\u00f3nico <span class=\"wpforms-required-label\">*<\/span><\/label><input type=\"email\" id=\"wpforms-5375-field_1\" class=\"wpforms-field-medium wpforms-field-required\" name=\"wpforms[fields][1]\" spellcheck=\"false\" required><\/div><div id=\"wpforms-5375-field_14-container\" class=\"wpforms-field wpforms-field-text\" data-field-id=\"14\"><label class=\"wpforms-field-label\" for=\"wpforms-5375-field_14\">Direcci\u00f3n<\/label><input type=\"text\" id=\"wpforms-5375-field_14\" class=\"wpforms-field-medium\" name=\"wpforms[fields][14]\" ><\/div><div id=\"wpforms-5375-field_5-container\" class=\"wpforms-field wpforms-field-text\" data-field-id=\"5\"><label class=\"wpforms-field-label\" for=\"wpforms-5375-field_5\">Ciudad <span class=\"wpforms-required-label\">*<\/span><\/label><input type=\"text\" id=\"wpforms-5375-field_5\" class=\"wpforms-field-medium wpforms-field-required\" name=\"wpforms[fields][5]\" required><\/div><div id=\"wpforms-5375-field_4-container\" class=\"wpforms-field wpforms-field-text\" data-field-id=\"4\"><label class=\"wpforms-field-label\" for=\"wpforms-5375-field_4\">Departamento <span class=\"wpforms-required-label\">*<\/span><\/label><input type=\"text\" id=\"wpforms-5375-field_4\" class=\"wpforms-field-medium wpforms-field-required\" name=\"wpforms[fields][4]\" required><\/div><div id=\"wpforms-5375-field_6-container\" class=\"wpforms-field wpforms-field-number\" data-field-id=\"6\"><label class=\"wpforms-field-label\" for=\"wpforms-5375-field_6\">Tel\u00e9fono Fijo<\/label><input type=\"number\" id=\"wpforms-5375-field_6\" class=\"wpforms-field-medium\" name=\"wpforms[fields][6]\" step=\"any\" ><\/div><div id=\"wpforms-5375-field_15-container\" class=\"wpforms-field wpforms-field-number\" data-field-id=\"15\"><label class=\"wpforms-field-label\" for=\"wpforms-5375-field_15\">Tel\u00e9fono M\u00f3vil<\/label><input type=\"number\" id=\"wpforms-5375-field_15\" class=\"wpforms-field-medium\" name=\"wpforms[fields][15]\" step=\"any\" ><\/div><div id=\"wpforms-5375-field_7-container\" class=\"wpforms-field wpforms-field-text\" data-field-id=\"7\"><label class=\"wpforms-field-label\" for=\"wpforms-5375-field_7\">Asunto <span class=\"wpforms-required-label\">*<\/span><\/label><input type=\"text\" id=\"wpforms-5375-field_7\" class=\"wpforms-field-medium wpforms-field-required\" name=\"wpforms[fields][7]\" required><\/div><div id=\"wpforms-5375-field_2-container\" class=\"wpforms-field wpforms-field-textarea\" data-field-id=\"2\"><label class=\"wpforms-field-label\" for=\"wpforms-5375-field_2\">Comentario o Mensaje <span class=\"wpforms-required-label\">*<\/span><\/label><textarea id=\"wpforms-5375-field_2\" class=\"wpforms-field-medium wpforms-field-required\" name=\"wpforms[fields][2]\" required><\/textarea><\/div><div id=\"wpforms-5375-field_17-container\" class=\"wpforms-field wpforms-field-select wpforms-field-select-style-classic\" data-field-id=\"17\"><label class=\"wpforms-field-label\" for=\"wpforms-5375-field_17\">Medio de Respuesta <span class=\"wpforms-required-label\">*<\/span><\/label><select id=\"wpforms-5375-field_17\" class=\"wpforms-field-medium wpforms-field-required\" name=\"wpforms[fields][17]\" required=\"required\"><option value=\"Respuesta F\u00edsica\" >Respuesta F\u00edsica<\/option><option value=\"Respuesta Electr\u00f3nica\"  selected='selected'>Respuesta Electr\u00f3nica<\/option><\/select><\/div><div id=\"wpforms-5375-field_10-container\" class=\"wpforms-field wpforms-field-checkbox\" data-field-id=\"10\"><ul id=\"wpforms-5375-field_10\" class=\"wpforms-field-required\"><li class=\"choice-1 depth-1\"><input type=\"checkbox\" id=\"wpforms-5375-field_10_1\" name=\"wpforms[fields][10][]\" value=\"Confirmo que he le\u00eddo la Pol\u00edtica de Tratamiento de Datos de GIT Masivo S.A.\" required ><label class=\"wpforms-field-label-inline\" for=\"wpforms-5375-field_10_1\">Confirmo que he le\u00eddo la Pol\u00edtica de Tratamiento de Datos de GIT Masivo S.A.<\/label><\/li><\/ul><\/div><div id=\"wpforms-5375-field_8-container\" class=\"wpforms-field wpforms-field-checkbox\" data-field-id=\"8\"><ul id=\"wpforms-5375-field_8\" class=\"wpforms-field-required\"><li class=\"choice-1 depth-1\"><input type=\"checkbox\" id=\"wpforms-5375-field_8_1\" name=\"wpforms[fields][8][]\" value=\"Autorizo el tratamiento de mis datos personales conforme a la Pol\u00edtica publicada por GIT Masivo S.A.\" required ><label class=\"wpforms-field-label-inline\" for=\"wpforms-5375-field_8_1\">Autorizo el tratamiento de mis datos personales conforme a la Pol\u00edtica publicada por GIT Masivo S.A.<\/label><\/li><\/ul><\/div><\/div><!-- .wpforms-field-container --><div class=\"wpforms-submit-container\" ><input type=\"hidden\" name=\"wpforms[id]\" value=\"5375\"><input type=\"hidden\" name=\"page_title\" value=\"\"><input type=\"hidden\" name=\"page_url\" value=\"https:\/\/gitmasivo.com\/web\/wp-json\/wp\/v2\/pages\/2590\"><input type=\"hidden\" name=\"url_referer\" value=\"\"><button type=\"submit\" name=\"wpforms[submit]\" id=\"wpforms-submit-5375\" class=\"wpforms-submit\" data-alt-text=\"Enviando...\" data-submit-text=\"Enviar\" aria-live=\"assertive\" value=\"wpforms-submit\">Enviar<\/button><\/div><\/form><\/div>  <!-- .wpforms-container -->\n<p>Si en su mensaje requiere adjuntar documentos o im\u00e1genes, por favor escribanos a <a href=\"mailto:info@gitmasivo.com\">info@gitmasivo.com<\/a><\/p>\n<h2 style=\"text-align: center;\">Mapa de Ubicaci\u00f3n<\/h2>\n<p><iframe loading=\"lazy\" src=\"https:\/\/maps.google.com\/maps\/ms?msa=0&amp;msid=200716984578067695146.0004d503f91ab2eee7ffb&amp;hl=es&amp;ie=UTF8&amp;t=m&amp;ll=3.359032,-76.515398&amp;spn=0.029989,0.036478&amp;z=14&amp;output=embed\" width=\"100%\" height=\"350\" frameborder=\"0\" marginwidth=\"0\" marginheight=\"0\" scrolling=\"no\"><\/iframe><\/p>\n","protected":false},"excerpt":{"rendered":"<p>Si desea m\u00e1s informaci\u00f3n sobre la empresa puede contactarnos telef\u00f3nicamente o escribirnos diligenciando el siguiente formulario. La informaci\u00f3n suministrada ser\u00e1 tratada conforme a la Pol\u00edtica de tratamiento de datos personales de GIT Masivo S.A. &#8211; Ver Documento &nbsp; Si en su mensaje requiere adjuntar documentos o im\u00e1genes, por favor escribanos a info@gitmasivo.com Mapa de Ubicaci\u00f3n<\/p>\n","protected":false},"author":1,"featured_media":0,"parent":0,"menu_order":0,"comment_status":"closed","ping_status":"closed","template":"","meta":{"footnotes":""},"class_list":["post-2590","page","type-page","status-publish"],"_links":{"self":[{"href":"https:\/\/gitmasivo.com\/web\/wp-json\/wp\/v2\/pages\/2590","targetHints":{"allow":["GET"]}}],"collection":[{"href":"https:\/\/gitmasivo.com\/web\/wp-json\/wp\/v2\/pages"}],"about":[{"href":"https:\/\/gitmasivo.com\/web\/wp-json\/wp\/v2\/types\/page"}],"author":[{"embeddable":true,"href":"https:\/\/gitmasivo.com\/web\/wp-json\/wp\/v2\/users\/1"}],"replies":[{"embeddable":true,"href":"https:\/\/gitmasivo.com\/web\/wp-json\/wp\/v2\/comments?post=2590"}],"version-history":[{"count":21,"href":"https:\/\/gitmasivo.com\/web\/wp-json\/wp\/v2\/pages\/2590\/revisions"}],"predecessor-version":[{"id":5855,"href":"https:\/\/gitmasivo.com\/web\/wp-json\/wp\/v2\/pages\/2590\/revisions\/5855"}],"wp:attachment":[{"href":"https:\/\/gitmasivo.com\/web\/wp-json\/wp\/v2\/media?parent=2590"}],"curies":[{"name":"wp","href":"https:\/\/api.w.org\/{rel}","templated":true}]}}