{"id":2572,"date":"2013-01-29T19:40:29","date_gmt":"2013-01-29T19:40:29","guid":{"rendered":"http:\/\/216.172.187.9\/~muestras\/wp-mio\/?page_id=2572"},"modified":"2025-07-30T14:32:46","modified_gmt":"2025-07-30T14:32:46","slug":"inicio","status":"publish","type":"page","link":"https:\/\/gitmasivo.com\/web\/","title":{"rendered":"Bienvenidos a GIT Masivo"},"content":{"rendered":"<p><a href=\"https:\/\/gitmasivo.com\/web\/wp-content\/uploads\/2022\/11\/Fondo1-Patio.png\"><img loading=\"lazy\" decoding=\"async\" class=\"aligncenter size-full wp-image-5746\" src=\"https:\/\/gitmasivo.com\/web\/wp-content\/uploads\/2022\/11\/Fondo1-Patio.png\" alt=\"\" width=\"1920\" height=\"1080\" srcset=\"https:\/\/gitmasivo.com\/web\/wp-content\/uploads\/2022\/11\/Fondo1-Patio.png 1920w, https:\/\/gitmasivo.com\/web\/wp-content\/uploads\/2022\/11\/Fondo1-Patio-300x169.png 300w, https:\/\/gitmasivo.com\/web\/wp-content\/uploads\/2022\/11\/Fondo1-Patio-1024x576.png 1024w, https:\/\/gitmasivo.com\/web\/wp-content\/uploads\/2022\/11\/Fondo1-Patio-768x432.png 768w, https:\/\/gitmasivo.com\/web\/wp-content\/uploads\/2022\/11\/Fondo1-Patio-1536x864.png 1536w\" sizes=\"auto, (max-width: 1920px) 100vw, 1920px\" \/><\/a><\/p>\n<p>&nbsp;<\/p>\n<p>GIT Masivo S.A., es una empresa operadora del Sistema Integrado de Transporte Masivo &#8211; MIO. Trabajamos d\u00eda a d\u00eda para afianzarnos como el mejor Operador de la ciudad en la movilizaci\u00f3n de usuarios de forma oportuna, confiable y segura.<\/p>\n<p>Contamos con adecuada infraestructura y un grupo de colaboradores que trabaja en sinergia en b\u00fasqueda del bienestar y la mejora continua.<\/p>\n<p>&nbsp;<\/p>\n<p><a href=\"https:\/\/gitmasivo.com\/web\/wp-content\/uploads\/2017\/11\/piezas-banner-01.png\"><img loading=\"lazy\" decoding=\"async\" class=\"aligncenter wp-image-4832 size-full\" src=\"https:\/\/gitmasivo.com\/web\/wp-content\/uploads\/2017\/11\/piezas-banner-01.png\" alt=\"#Mu\u00e9veteLegal\" width=\"6251\" height=\"2084\" srcset=\"https:\/\/gitmasivo.com\/web\/wp-content\/uploads\/2017\/11\/piezas-banner-01.png 6251w, https:\/\/gitmasivo.com\/web\/wp-content\/uploads\/2017\/11\/piezas-banner-01-300x100.png 300w, https:\/\/gitmasivo.com\/web\/wp-content\/uploads\/2017\/11\/piezas-banner-01-768x256.png 768w, https:\/\/gitmasivo.com\/web\/wp-content\/uploads\/2017\/11\/piezas-banner-01-1024x341.png 1024w\" sizes=\"auto, (max-width: 6251px) 100vw, 6251px\" \/><\/a><\/p>\n<p>&nbsp;<\/p>\n<p style=\"font-weight: 400; text-align: center;\">Se informa a los acreedores del Acuerdo Extrajudicial de Reorganizaci\u00f3n de GIT MASIVO, que se ha celebrado una Reforma al mismo, que est\u00e1 pendiente de aprobaci\u00f3n de la Superintendencia de Sociedades; haga clic aqu\u00ed (<a href=\"https:\/\/gitmasivo.com\/web\/wp-content\/uploads\/2025\/07\/20250729-REFORMA-ACUERDO-GIT-MASIVO-PENDIENTE-APROBACION-JUEZ.pdf\">Reforma Acuerdo Extrajudicial de Reorganizaci\u00f3n Empresarial<\/a>) para revisar el texto de la Reforma.\u00a0 En caso de tener alguna observaci\u00f3n, agradecemos dirigirla al email <a href=\"mailto:analista.financiero@gitmasivo.com\">analista.financiero@gitmasivo.com<\/a>.<\/p>\n<p style=\"font-weight: 400; text-align: center;\">Se publica el 30 de julio de 2025<\/p>\n<p>&nbsp;<\/p>\n<p style=\"font-weight: 400; text-align: center;\">Se informa a los acreedores del Acuerdo Extrajudicial de Reorganizaci\u00f3n de GIT MASIVO, que se ha celebrado una Reforma al mismo, que est\u00e1 pendiente de aprobaci\u00f3n de la Superintendencia de Sociedades; haga clic aqu\u00ed (<a href=\"https:\/\/gitmasivo.com\/web\/wp-content\/uploads\/2022\/05\/Reforma-Acuerdo-Extrajudicial-de-Reorganizacion-Empresarial-27042022.pdf\">Reforma Acuerdo Extrajudicial de Reorganizaci\u00f3n Empresarial<\/a>) para revisar el texto de la Reforma.\u00a0 En caso de tener alguna observaci\u00f3n, agradecemos dirigirla al email <a href=\"mailto:info@gitmasivo.com\">info@gitmasivo.com<\/a>.<\/p>\n<p style=\"font-weight: 400; text-align: center;\">Se publica el 2 de mayo de 2022<\/p>\n<p>&nbsp;<\/p>\n<p style=\"text-align: center;\"><strong>Aviso de Reorganizaci\u00f3n<\/strong>\u00a0&#8211; GIT Masivo S.A. &#8211;\u00a0<a href=\"https:\/\/gitmasivo.com\/web\/wp-content\/uploads\/2018\/01\/2018-01-007065.pdf\">Ver Documento<\/a><\/p>\n<p style=\"text-align: center;\"><a href=\"https:\/\/gitmasivo.com\/web\/wp-content\/uploads\/2018\/01\/2018-01-007065.pdf\"><img loading=\"lazy\" decoding=\"async\" class=\"aligncenter size-full wp-image-4884\" src=\"https:\/\/gitmasivo.com\/web\/wp-content\/uploads\/2018\/01\/Aviso-Reorganizaci\u00f3n.png\" alt=\"\" width=\"449\" height=\"688\" srcset=\"https:\/\/gitmasivo.com\/web\/wp-content\/uploads\/2018\/01\/Aviso-Reorganizaci\u00f3n.png 449w, https:\/\/gitmasivo.com\/web\/wp-content\/uploads\/2018\/01\/Aviso-Reorganizaci\u00f3n-196x300.png 196w\" sizes=\"auto, (max-width: 449px) 100vw, 449px\" \/><\/a><\/p>\n<p>&nbsp;<\/p>\n<p style=\"text-align: center;\"><span style=\"color: #0000ff;\"><strong>C\u00f3digo de \u00c9tica &#8211; GIT Masivo:<\/strong><\/span><\/p>\n<p><center><br \/>\n<div style=\"width: 640px;\" class=\"wp-video\"><video class=\"wp-video-shortcode\" id=\"video-2572-1\" width=\"640\" height=\"360\" preload=\"metadata\" controls=\"controls\"><source type=\"video\/mp4\" src=\"https:\/\/gitmasivo.com\/web\/wp-content\/uploads\/2018\/05\/Video-C\u00f3digo-de-\u00c9tica.mp4?_=1\" \/><a href=\"https:\/\/gitmasivo.com\/web\/wp-content\/uploads\/2018\/05\/Video-C\u00f3digo-de-\u00c9tica.mp4\">https:\/\/gitmasivo.com\/web\/wp-content\/uploads\/2018\/05\/Video-C\u00f3digo-de-\u00c9tica.mp4<\/a><\/video><\/div><\/p>\n<p>&nbsp;<\/p>\n<p><strong>Manual de Atenci\u00f3n al Ciudadano<\/strong> &#8211; <a href=\"https:\/\/gitmasivo.com\/web\/wp-content\/uploads\/2017\/06\/Manual-de-atencion-al-ciudadano-PARA-IMPRESION.pdf\">Ver Documento<\/a><\/p>\n<p>&nbsp;<\/p>\n<p>&nbsp;<\/p>\n<p>&nbsp;<\/p>\n<p>&nbsp;<\/p>\n<p>&nbsp;<\/p>\n<p>&nbsp;<\/p>\n<p>&nbsp;<\/p>\n<p>&nbsp;<\/p>\n<p>&nbsp;<\/p>\n<p>&nbsp;<\/p>\n<p>&nbsp;<\/p>\n<p>&nbsp;<\/p>\n<p>&nbsp;<\/p>\n<p>&nbsp;<\/p>\n<p>&nbsp;<\/p>\n<p>&nbsp;<\/p>\n<p>&nbsp;<\/p>\n<p>&nbsp;<\/p>\n<p>&nbsp;<\/p>\n<p>&nbsp;<\/p>\n<p>&nbsp;<\/p>\n<p>&nbsp;<\/p>\n<p>&nbsp;<\/p>\n<p>&nbsp;<\/p>\n<p>&nbsp;<\/p>\n<p>&nbsp;<\/p>\n<p>&nbsp;<\/p>\n<p>&nbsp;<\/p>\n<p>&nbsp;<\/p>\n<p>&nbsp;<\/p>\n<p>&nbsp;<\/p>\n<p>&nbsp;<\/p>\n<p>&nbsp;<\/p>\n<p>&nbsp;<\/p>\n<p>&nbsp;<\/p>\n<p>&nbsp;<\/p>\n<p>&nbsp;<\/p>\n<p>&nbsp;<\/p>\n<p>&nbsp;<\/p>\n<p>&nbsp;<\/p>\n<p>&nbsp;<\/p>\n<p>&nbsp;<\/p>\n<p>&nbsp;<\/p>\n<p>&nbsp;<\/p>\n<p>&nbsp;<\/p>\n<p>&nbsp;<\/p>\n<p><\/center><\/p>\n<p style=\"text-align: center;\"><a href=\"https:\/\/gitmasivo.com\/web\/wp-content\/uploads\/2017\/06\/Manual-de-atencion-al-ciudadano-PARA-IMPRESION.pdf\"><img loading=\"lazy\" decoding=\"async\" class=\"aligncenter size-full wp-image-5453\" src=\"https:\/\/gitmasivo.com\/web\/wp-content\/uploads\/2020\/10\/ManualAtencionCiudadano.png\" alt=\"\" width=\"331\" height=\"371\" srcset=\"https:\/\/gitmasivo.com\/web\/wp-content\/uploads\/2020\/10\/ManualAtencionCiudadano.png 331w, https:\/\/gitmasivo.com\/web\/wp-content\/uploads\/2020\/10\/ManualAtencionCiudadano-268x300.png 268w\" sizes=\"auto, (max-width: 331px) 100vw, 331px\" \/><\/a><\/p>\n<p>&nbsp;<\/p>\n<p><a href=\"https:\/\/gitmasivo.com\/web\/wp-content\/uploads\/2019\/09\/CALI_SOSTENIBLE_KITREDES.jpg\" rel=\"attachment wp-att-4641\"><img loading=\"lazy\" decoding=\"async\" class=\"aligncenter wp-image-5130 \" src=\"https:\/\/gitmasivo.com\/web\/wp-content\/uploads\/2019\/09\/CALI_SOSTENIBLE_KITREDES.jpg\" alt=\"\" width=\"397\" height=\"199\" srcset=\"https:\/\/gitmasivo.com\/web\/wp-content\/uploads\/2019\/09\/CALI_SOSTENIBLE_KITREDES.jpg 2134w, https:\/\/gitmasivo.com\/web\/wp-content\/uploads\/2019\/09\/CALI_SOSTENIBLE_KITREDES-300x150.jpg 300w, https:\/\/gitmasivo.com\/web\/wp-content\/uploads\/2019\/09\/CALI_SOSTENIBLE_KITREDES-768x384.jpg 768w, https:\/\/gitmasivo.com\/web\/wp-content\/uploads\/2019\/09\/CALI_SOSTENIBLE_KITREDES-1024x512.jpg 1024w, https:\/\/gitmasivo.com\/web\/wp-content\/uploads\/2019\/09\/CALI_SOSTENIBLE_KITREDES-540x272.jpg 540w\" sizes=\"auto, (max-width: 397px) 100vw, 397px\" \/><\/a><\/p>\n<p>&nbsp;<\/p>\n<p style=\"text-align: center;\"><span style=\"color: #0000ff;\"><strong>Para informarte y estar \u201cAl d\u00eda con el MIO\u201d, haz Clik sobre la imagen:<\/strong><\/span><\/p>\n<p><a href=\"https:\/\/www.youtube.com\/user\/MetroCali\" rel=\"attachment wp-att-4645\"><img loading=\"lazy\" decoding=\"async\" class=\"aligncenter wp-image-4645\" src=\"https:\/\/gitmasivo.com\/web\/wp-content\/uploads\/2013\/01\/aldiaconelMIO.jpg\" alt=\"aldiaconelMIO\" width=\"389\" height=\"127\" srcset=\"https:\/\/gitmasivo.com\/web\/wp-content\/uploads\/2013\/01\/aldiaconelMIO.jpg 1118w, https:\/\/gitmasivo.com\/web\/wp-content\/uploads\/2013\/01\/aldiaconelMIO-300x98.jpg 300w, https:\/\/gitmasivo.com\/web\/wp-content\/uploads\/2013\/01\/aldiaconelMIO-768x250.jpg 768w, https:\/\/gitmasivo.com\/web\/wp-content\/uploads\/2013\/01\/aldiaconelMIO-1024x333.jpg 1024w\" sizes=\"auto, (max-width: 389px) 100vw, 389px\" \/><\/a><\/p>\n<p>&nbsp;<\/p>\n<p style=\"text-align: center;\"><span style=\"color: #0000ff;\"><strong>Boletines de Prensa MIO:<\/strong><\/span><\/p>\n<p>&nbsp;<\/p>\n<p>&nbsp;<\/p>\n<table style=\"border: hidden;\">\n<tbody style=\"border: hidden;\">\n<tr style=\"border: hidden;\">\n<td style=\"border: hidden; text-align: center;\"><a href=\"https:\/\/gitmasivo.com\/web\/wp-content\/uploads\/2023\/04\/BOLETIN-18-PLAN-DE-SERVICIOS-MARZO-20.pdf\">BOLETIN 18 PLAN DE SERVICIOS MARZO 20<\/a><\/td>\n<td style=\"border: hidden; text-align: center;\"><a href=\"https:\/\/gitmasivo.com\/web\/wp-content\/uploads\/2023\/04\/BOLETIN-20-INTERVENCION-ESTACIONES-DEL-MIO.pdf\">BOLETIN 20 INTERVENCI\u00d3N ESTACIONES DEL MIO<\/a><\/td>\n<\/tr>\n<tr style=\"border: hidden;\">\n<td style=\"border: hidden; text-align: center;\"><\/td>\n<td style=\"border: hidden; text-align: center;\"><\/td>\n<\/tr>\n<tr style=\"border: hidden;\">\n<td style=\"border: hidden; text-align: center;\"><\/td>\n<td style=\"border: hidden; text-align: center;\"><\/td>\n<\/tr>\n<tr style=\"border: hidden;\">\n<td style=\"border: hidden; text-align: center;\"><\/td>\n<td style=\"border: hidden; text-align: center;\"><\/td>\n<\/tr>\n<tr style=\"border: hidden;\">\n<td style=\"border: hidden; text-align: center;\"><\/td>\n<td style=\"border: hidden;\">\n<p style=\"text-align: center;\">\n<\/td>\n<\/tr>\n<tr style=\"border: hidden;\">\n<td style=\"border: hidden;\">\n<p style=\"text-align: center;\">\n<\/td>\n<td style=\"border: hidden;\">\n<p style=\"text-align: center;\">\n<\/td>\n<\/tr>\n<tr style=\"border: hidden;\">\n<td style=\"border: hidden;\">\n<p style=\"text-align: center;\">\n<\/td>\n<td style=\"border: hidden;\">\n<p style=\"text-align: center;\">\n<\/td>\n<\/tr>\n<\/tbody>\n<\/table>\n<p>&nbsp;<\/p>\n<p style=\"text-align: center;\"><span style=\"color: #0000ff;\"><span style=\"color: #0000ff;\"><b>V\u00eddeos<\/b><\/span><strong style=\"color: #0000ff;\">:<\/strong><\/span><\/p>\n<p style=\"text-align: center;\"><span style=\"color: #0000ff;\"><span style=\"color: #0000ff;\"><b>Rutaporlasalud clowns<\/b><\/span><\/span><\/p>\n<p><center><iframe loading=\"lazy\" src=\"https:\/\/www.youtube.com\/embed\/9zvUZAUgv5w\" width=\"560\" height=\"315\" frameborder=\"0\" allowfullscreen=\"allowfullscreen\"><\/iframe><\/center>&nbsp;<\/p>\n<p style=\"text-align: center;\"><span style=\"color: #0000ff;\"><span style=\"color: #0000ff;\"><b>Campa\u00f1a #LaVacunaEst\u00e1EnTusManos<\/b><\/span><\/span><\/p>\n<p><center><iframe loading=\"lazy\" src=\"https:\/\/www.youtube.com\/embed\/R9xfRcx4vyQ\" width=\"560\" height=\"315\" frameborder=\"0\" allowfullscreen=\"allowfullscreen\"><\/iframe><\/center>&nbsp;<\/p>\n<p><center><\/center><center><strong>Reto MIO:<\/strong><\/center><center><a href=\"https:\/\/gitmasivo.com\/web\/wp-content\/uploads\/2017\/11\/Usuarios-RETO-MIO.mov\">Usuarios &#8211; RETO MIO<\/a><\/center><center><a href=\"https:\/\/gitmasivo.com\/web\/wp-content\/uploads\/2017\/11\/Tecnologia-RETO-MIO.mov\">Tecnologia &#8211; RETO MIO<\/a><\/center><center><a href=\"https:\/\/gitmasivo.com\/web\/wp-content\/uploads\/2017\/11\/Recarga-RETO-MIO.mov\">Recarga &#8211; RETO MIO<\/a><\/center><center><a href=\"https:\/\/gitmasivo.com\/web\/wp-content\/uploads\/2017\/11\/Policia-RETO-MIO.mov\">Polic\u00eda &#8211; RETO MIO<\/a><\/center><center><a href=\"https:\/\/gitmasivo.com\/web\/wp-content\/uploads\/2017\/11\/Oriente-RETO-MIO.mov\">Oriente &#8211; RETO MIO<\/a><\/center><center><a href=\"https:\/\/gitmasivo.com\/web\/wp-content\/uploads\/2017\/11\/Buses-RETO-MIO.mov\">Buses &#8211; RETO MIO<\/a><\/center><\/p>\n","protected":false},"excerpt":{"rendered":"<p>&nbsp; GIT Masivo S.A., es una empresa operadora del Sistema Integrado de Transporte Masivo &#8211; MIO. Trabajamos d\u00eda a d\u00eda para afianzarnos como el mejor Operador de la ciudad en la movilizaci\u00f3n de usuarios de forma oportuna, confiable y segura. Contamos con adecuada infraestructura y un grupo de colaboradores que trabaja en sinergia en b\u00fasqueda &#8230; <a title=\"Bienvenidos a GIT Masivo\" class=\"read-more\" href=\"https:\/\/gitmasivo.com\/web\/\" aria-label=\"Leer m\u00e1s sobre Bienvenidos a GIT Masivo\">Leer m\u00e1s<\/a><\/p>\n","protected":false},"author":1,"featured_media":0,"parent":0,"menu_order":0,"comment_status":"closed","ping_status":"closed","template":"","meta":{"footnotes":""},"class_list":["post-2572","page","type-page","status-publish"],"_links":{"self":[{"href":"https:\/\/gitmasivo.com\/web\/wp-json\/wp\/v2\/pages\/2572","targetHints":{"allow":["GET"]}}],"collection":[{"href":"https:\/\/gitmasivo.com\/web\/wp-json\/wp\/v2\/pages"}],"about":[{"href":"https:\/\/gitmasivo.com\/web\/wp-json\/wp\/v2\/types\/page"}],"author":[{"embeddable":true,"href":"https:\/\/gitmasivo.com\/web\/wp-json\/wp\/v2\/users\/1"}],"replies":[{"embeddable":true,"href":"https:\/\/gitmasivo.com\/web\/wp-json\/wp\/v2\/comments?post=2572"}],"version-history":[{"count":263,"href":"https:\/\/gitmasivo.com\/web\/wp-json\/wp\/v2\/pages\/2572\/revisions"}],"predecessor-version":[{"id":5839,"href":"https:\/\/gitmasivo.com\/web\/wp-json\/wp\/v2\/pages\/2572\/revisions\/5839"}],"wp:attachment":[{"href":"https:\/\/gitmasivo.com\/web\/wp-json\/wp\/v2\/media?parent=2572"}],"curies":[{"name":"wp","href":"https:\/\/api.w.org\/{rel}","templated":true}]}}